{"id":12,"date":"2011-12-01T13:53:57","date_gmt":"2011-12-01T13:53:57","guid":{"rendered":"http:\/\/aklero.se\/?page_id=12"},"modified":"2021-07-05T11:05:09","modified_gmt":"2021-07-05T09:05:09","slug":"kontakt","status":"publish","type":"page","link":"https:\/\/aklero.se\/?page_id=12","title":{"rendered":"Kontakt"},"content":{"rendered":"<p>[et_pb_section admin_label=&#8221;section&#8221;]<br \/>\n\t\t\t[et_pb_row admin_label=&#8221;row&#8221;]<br \/>\n\t\t\t\t[et_pb_column type=&#8221;4_4&#8243;][et_pb_text admin_label=&#8221;Text&#8221;]<\/p>\n<table border=\"0\" width=\"100%\" cellspacing=\"0\" cellpadding=\"0\">\n<tbody>\n<tr>\n<td>\u00a0<img loading=\"lazy\" decoding=\"async\" class=\"alignleft size-full wp-image-240\" title=\"linkping2\" src=\"https:\/\/aklero.se\/wp-content\/uploads\/2011\/12\/linkping2.jpg\" alt=\"\" width=\"260\" height=\"150\" \/><\/td>\n<td>\u00a0<img loading=\"lazy\" decoding=\"async\" class=\"alignleft size-full wp-image-426\" src=\"https:\/\/aklero.se\/wp-content\/uploads\/2016\/10\/IMG_46212.jpg\" alt=\"IMG_4621\" width=\"260\" height=\"150\" \/><\/td>\n<td>\u00a0<img loading=\"lazy\" decoding=\"async\" class=\"alignleft size-full wp-image-239\" title=\"kisa2\" src=\"https:\/\/aklero.se\/wp-content\/uploads\/2011\/12\/kisa2.jpg\" alt=\"\" width=\"260\" height=\"150\" \/><\/td>\n<\/tr>\n<tr>\n<td>\n<h2>Link\u00f6ping<\/h2>\n<p>Kolfallsgatan 10<br \/>\n582 73 Link\u00f6ping<br \/>\n013 &#8211; 24 80 90<\/td>\n<td>\n<h2>Rimforsa<\/h2>\n<p>Industriv\u00e4gen 8<br \/>\n590 44\u00a0Rimforsa<br \/>\n0494 &#8211; 157 65<\/td>\n<td>\n<h2>Kisa<\/h2>\n<p>Stora Torget 5A<br \/>\n590 38 Kisa<br \/>\n0494 &#8211; 157 60\u00a0\u00a0\u00a0\u00a0\u00a0\u00a0\u00a0\u00a0\u00a0\u00a0\u00a0\u00a0Fax. 0494 &#8211; 121 52<\/td>\n<\/tr>\n<\/tbody>\n<\/table>\n<table style=\"width: 1144px; height: 425px;\" border=\"0\" width=\"1144\" cellspacing=\"0\" cellpadding=\"0\">\n<tbody>\n<tr>\n<td>\n<h4>Ulla-Carin Andersson<\/h4>\n<p><a href=\"mailto:ulla-carin@aklero.se\">ulla-carin@aklero.se<\/a><br \/>\n0494 &#8211; 157 61<br \/>\n0730 &#8211; 94 10 11<\/td>\n<td>\n<h4>Anette Agouda<\/h4>\n<p><a href=\"mailto:anette@aklero.se\">anette@aklero.se<\/a><br \/>\n0494 &#8211; 157 67<br \/>\n0705 &#8211; 88 28 98<\/td>\n<\/tr>\n<tr>\n<td>\n<h4>Emma Griph<\/h4>\n<p><a href=\"mailto:emma@aklero.se\">emma@aklero.se<\/a><br \/>\n013 &#8211;\u00a024 80 99<br \/>\n070-227 27 20<\/td>\n<td>\n<h4>Sofia Persson<\/h4>\n<p><a href=\"mailto:sofia@aklero.se\">sofia@aklero.se<\/a><br \/>\n0494 &#8211; 157 64<br \/>\n0705 &#8211; 19 05 51<\/td>\n<\/tr>\n<tr>\n<td>\n<h4>Annica Edoff<\/h4>\n<p><a href=\"mailto:annica@aklero.se\">annica@aklero.se<\/a><br \/>\n013 &#8211; 24 80 94<br \/>\n0708 &#8211;\u00a076\u00a037 58<\/td>\n<td>\n<h4>Linn\u00e9a Henrysson<\/h4>\n<p><a href=\"mailto:linnea@aklero.se\">linnea@aklero.se<\/a><br \/>\n073\u00a0965 50 83<\/td>\n<\/tr>\n<tr>\n<td>\n<h4>Ann Johansson<\/h4>\n<p><a href=\"mailto:ann@aklero.se\">ann@aklero.se<\/a><strong><br \/>\n<\/strong>0494 &#8211; 157 63<br \/>\n0706 &#8211; 69 62 13<\/td>\n<td>\n<h4>Jeanette Junaeus<\/h4>\n<p><a href=\"mailto:jeanette@aklero.se\">jeanette@aklero.se<\/a><br \/>\n013 &#8211; 24 80 93<br \/>\n0702 &#8211; 16 87 33<\/td>\n<\/tr>\n<tr>\n<td>\n<h4>Henrik Karlsson<\/h4>\n<p><a href=\"mailto:henrik@aklero.se\">henrik@aklero.se<\/a><br \/>\n013 &#8211; 24 80 91<br \/>\n0706 &#8211; 09 10 70<\/td>\n<td>\n<h4>Boije Gustavzohn<\/h4>\n<p><a href=\"mailto:boije@aklero.se\">boije@aklero.se<\/a><br \/>\n0720 &#8211; 61 92 58<\/td>\n<\/tr>\n<tr>\n<td>\n<h4>Sara Martinsson<\/h4>\n<p><a href=\"mailto:sara@aklero.se\">sara@aklero.se<\/a><br \/>\n013 &#8211; 24 80 97<br \/>\n0705 &#8211; 19 05 69<\/td>\n<td>\n<h4>Jan Persson<\/h4>\n<p><a href=\"mailto:jan@aklero.se\">jan@aklero.se<\/a><br \/>\n0494 &#8211; 157 66<br \/>\n0703 &#8211; 22 17 40<\/td>\n<\/tr>\n<tr>\n<td>\n<h4>Arvid Solsj\u00f6<\/h4>\n<p><a href=\"mailto:arvid@aklero.se\">arvid@aklero.se<\/a><br \/>\n013 \u2013 24 80 95<br \/>\n0702 \u2013 49 37 94<\/td>\n<td>\n<h4>Therese Ros\u00e9n<\/h4>\n<p><a href=\"mailto:therese@aklero.se\">therese@aklero.se<\/a><br \/>\n013 &#8211; 24 80 98<br \/>\n0705 &#8211; 19 05 60<\/td>\n<\/tr>\n<tr>\n<td>\n<h4><\/h4>\n<\/td>\n<td>\n<h4><\/h4>\n<\/td>\n<\/tr>\n<\/tbody>\n<\/table>\n<p>[\/et_pb_text][\/et_pb_column]<br \/>\n\t\t\t[\/et_pb_row]<br \/>\n\t\t[\/et_pb_section]<\/p>\n","protected":false},"excerpt":{"rendered":"<p>\u00a0 \u00a0 \u00a0 Link\u00f6ping Kolfallsgatan 10 582 73 Link\u00f6ping 013 &#8211; 24 80 90 Rimforsa Industriv\u00e4gen 8 590 44\u00a0Rimforsa 0494 &#8211; 157 65 Kisa Stora Torget 5A 590 38 Kisa 0494 &#8211; 157 60\u00a0\u00a0\u00a0\u00a0\u00a0\u00a0\u00a0\u00a0\u00a0\u00a0\u00a0\u00a0Fax. 0494 &#8211; 121 52 Ulla-Carin Andersson ulla-carin@aklero.se 0494 &#8211; 157 61 0730 &#8211; 94 10 11 Anette Agouda anette@aklero.se 0494 &#8211; [&hellip;]<\/p>\n","protected":false},"author":1,"featured_media":0,"parent":0,"menu_order":0,"comment_status":"open","ping_status":"closed","template":"","meta":{"_et_pb_use_builder":"on","_et_pb_old_content":"<table border=\"0\" width=\"100%\" cellspacing=\"0\" cellpadding=\"0\">\n<tbody>\n<tr>\n<td>\u00a0<img class=\"alignleft size-full wp-image-240\" title=\"linkping2\" src=\"https:\/\/aklero.se\/wp-content\/uploads\/2011\/12\/linkping2.jpg\" alt=\"\" width=\"260\" height=\"150\" \/><\/td>\n<td>\u00a0<img class=\"alignleft size-full wp-image-426\" src=\"https:\/\/aklero.se\/wp-content\/uploads\/2016\/10\/IMG_46212.jpg\" alt=\"IMG_4621\" width=\"260\" height=\"150\" \/><\/td>\n<td>\u00a0<img class=\"alignleft size-full wp-image-239\" title=\"kisa2\" src=\"https:\/\/aklero.se\/wp-content\/uploads\/2011\/12\/kisa2.jpg\" alt=\"\" width=\"260\" height=\"150\" \/><\/td>\n<\/tr>\n<tr>\n<td>\n<h2>Link\u00f6ping<\/h2>\nKolfallsgatan 10\n582 73 Link\u00f6ping\n013 - 24 80 90<\/td>\n<td>\n<h2>Rimforsa<\/h2>\nIndustriv\u00e4gen 8\n590 44\u00a0Rimforsa\n0494 - 157 65<\/td>\n<td>\n<h2>Kisa<\/h2>\nStora Torget 5A\n590 38 Kisa\n0494 - 157 60\u00a0\u00a0\u00a0\u00a0\u00a0\u00a0\u00a0\u00a0\u00a0\u00a0\u00a0\u00a0Fax. 0494 - 121 52<\/td>\n<\/tr>\n<\/tbody>\n<\/table>\n<table style=\"width: 1144px; height: 425px;\" border=\"0\" width=\"1144\" cellspacing=\"0\" cellpadding=\"0\">\n<tbody>\n<tr>\n<td>\n<h4>Ulla-Carin Andersson<\/h4>\n<a href=\"mailto:ulla-carin@aklero.se\">ulla-carin@aklero.se<\/a>\n0494 - 157 61\n0730 - 94 10 11<\/td>\n<td>\n<h4>Anette Agouda<\/h4>\n<a href=\"mailto:anette@aklero.se\">anette@aklero.se<\/a>\n0494 - 157 67\n0705 - 88 28 98<\/td>\n<\/tr>\n<tr>\n<td>\n<h4>Emma Griph<\/h4>\n<a href=\"mailto:emma@aklero.se\">emma@aklero.se<\/a>\n013 -\u00a024 80 99\n070-227 27 20<\/td>\n<td>\n<h4>Sofia Persson<\/h4>\n<a href=\"mailto:sofia@aklero.se\">sofia@aklero.se<\/a>\n0494 - 157 64\n0705 - 19 05 51<\/td>\n<\/tr>\n<tr>\n<td>\n<h4>Annica Edoff<\/h4>\n<a href=\"mailto:annica@aklero.se\">annica@aklero.se<\/a>\n013 - 24 80 94\n0708 -\u00a076\u00a037 58<\/td>\n<td>\n<h4>Linn\u00e9a Henrysson<\/h4>\n<a href=\"mailto:linnea@aklero.se\">linnea@aklero.se<\/a>\n073\u00a0965 50 83<\/td>\n<\/tr>\n<tr>\n<td>\n<h4>Ann Johansson<\/h4>\n<a href=\"mailto:ann@aklero.se\">ann@aklero.se<\/a><strong>\n<\/strong>0494 - 157 63\n0706 - 69 62 13<\/td>\n<td>\n<h4>Jeanette Junaeus<\/h4>\n<a href=\"mailto:jeanette@aklero.se\">jeanette@aklero.se<\/a>\n013 - 24 80 93\n0702 - 16 87 33<\/td>\n<\/tr>\n<tr>\n<td>\n<h4>Henrik Karlsson<\/h4>\n<a href=\"mailto:henrik@aklero.se\">henrik@aklero.se<\/a>\n013 - 24 80 91\n0706 - 09 10 70<\/td>\n<td>\n<h4>Boije Gustavzohn<\/h4>\n<a href=\"mailto:boije@aklero.se\">boije@aklero.se<\/a>\n0720 - 61 92 58<\/td>\n<\/tr>\n<tr>\n<td>\n<h4>Sara Martinsson<\/h4>\n<a href=\"mailto:sara@aklero.se\">sara@aklero.se<\/a>\n013 - 24 80 97\n0705 - 19 05 69<\/td>\n<td>\n<h4>Jan Persson<\/h4>\n<a href=\"mailto:jan@aklero.se\">jan@aklero.se<\/a>\n0494 - 157 66\n0703 - 22 17 40<\/td>\n<\/tr>\n<tr>\n<td>\n<h4>Arvid Solsj\u00f6<\/h4>\n<a href=\"mailto:arvid@aklero.se\">arvid@aklero.se<\/a>\n013 \u2013 24 80 95\n0702 \u2013 49 37 94<\/td>\n<td>\n<h4>Therese Ros\u00e9n<\/h4>\n<a href=\"mailto:therese@aklero.se\">therese@aklero.se<\/a>\n013 - 24 80 98\n0705 - 19 05 60<\/td>\n<\/tr>\n<tr>\n<td>\n<h4><\/h4>\n<\/td>\n<td>\n<h4><\/h4>\n<\/td>\n<\/tr>\n<\/tbody>\n<\/table>","_et_gb_content_width":"","footnotes":""},"class_list":["post-12","page","type-page","status-publish","hentry"],"_links":{"self":[{"href":"https:\/\/aklero.se\/index.php?rest_route=\/wp\/v2\/pages\/12","targetHints":{"allow":["GET"]}}],"collection":[{"href":"https:\/\/aklero.se\/index.php?rest_route=\/wp\/v2\/pages"}],"about":[{"href":"https:\/\/aklero.se\/index.php?rest_route=\/wp\/v2\/types\/page"}],"author":[{"embeddable":true,"href":"https:\/\/aklero.se\/index.php?rest_route=\/wp\/v2\/users\/1"}],"replies":[{"embeddable":true,"href":"https:\/\/aklero.se\/index.php?rest_route=%2Fwp%2Fv2%2Fcomments&post=12"}],"version-history":[{"count":113,"href":"https:\/\/aklero.se\/index.php?rest_route=\/wp\/v2\/pages\/12\/revisions"}],"predecessor-version":[{"id":694,"href":"https:\/\/aklero.se\/index.php?rest_route=\/wp\/v2\/pages\/12\/revisions\/694"}],"wp:attachment":[{"href":"https:\/\/aklero.se\/index.php?rest_route=%2Fwp%2Fv2%2Fmedia&parent=12"}],"curies":[{"name":"wp","href":"https:\/\/api.w.org\/{rel}","templated":true}]}}